6
In base 7, what is -224 - -35?
-156
In base 5, what is 443 - -1?
444
In base 5, what is 13 + 324?
342
In base 4, what is 12 - 2220?
-2202
In base 11, what is 477 - -6?
482
In base 7, what is 12 - -21?
33
In base 8, what is -4017 + -4?
-4023
In base 7, what is -551 - 4?
-555
In base 8, what is 10 + 10?
20
In base 14, what is -3c7a + -4?
-3c80
In base 16, what is -7c - 1?
-7d
In base 4, what is -11 - -1001?
330
In base 4, what is -233 - 2?
-301
In base 10, what is 3 - -22?
25
In base 12, what is 1 - 72?
-71
In base 15, what is 8 + b?
14
In base 9, what is 4 + 13?
17
In base 6, what is -100504 + -5?
-100513
In base 6, what is -1140 - -1?
-1135
In base 2, what is -1 + 10101111?
10101110
In base 3, what is 12 - -12120?
12202
In base 3, what is 0 - -120101?
120101
In base 3, what is -2 + -2120?
-2122
In base 9, what is 3 + 58?
62
In base 2, what is -1100110000000100 + 101?
-1100101111111111
In base 4, what is -220031 - -2?
-220023
In base 8, what is -24 + 5?
-17
In base 5, what is 2221 + -241?
1430
In base 8, what is 52 + -13?
37
In base 12, what is 10 - -40?
50
In base 10, what is 29 - -53?
82
In base 8, what is 176 + -3?
173
In base 13, what is -2 - 14b?
-150
In base 6, what is 30 + -41?
-11
In base 9, what is 1052 - -2?
1054
In base 10, what is -7 + 767?
760
In base 10, what is 0 + 630?
630
In base 14, what is 4 - -48?
4c
In base 7, what is -30 - 2?
-32
In base 13, what is -60 + 2?
-5b
In base 12, what is -19a + -25?
-203
In base 9, what is 13 + -123?
-110
In base 9, what is 6582 + 3?
6585
In base 3, what is 200 - -111?
1011
In base 13, what is 3 - -c6?
c9
In base 13, what is -2a0 - -9?
-294
In base 14, what is 0 + -8d0?
-8d0
In base 10, what is -263 - 1?
-264
In base 13, what is 3 + -283?
-280
In base 5, what is 20 - -134?
204
In base 2, what is 1010001001 + -11?
1010000110
In base 7, what is -32 + 122?
60
In base 15, what is -2 + 9b?
99
In base 10, what is -502 + 9?
-493
In base 14, what is -a18 - 0?
-a18
In base 11, what is 558 - 7?
551
In base 4, what is 101121 - -1?
101122
In base 4, what is -1 + -1320?
-1321
In base 15, what is 13 - 1?
12
In base 2, what is -100111010 + -110?
-101000000
In base 8, what is -62 - 5?
-67
In base 14, what is -c9 - 5?
-d0
In base 15, what is -19 + -11?
-2a
In base 4, what is -3012 + -10?
-3022
In base 15, what is -5 + 42?
3c
In base 5, what is -12 + 13141?
13124
In base 6, what is 153 + -3?
150
In base 4, what is -22 + -10?
-32
In base 2, what is 1100101 - 100?
1100001
In base 11, what is 0 + -708?
-708
In base 9, what is 177 + 0?
177
In base 15, what is -11 + -19?
-2a
In base 6, what is 3 - -3440?
3443
In base 5, what is 2 + -4011?
-4004
In base 10, what is -4 + -58?
-62
In base 12, what is 312 - -12?
324
In base 3, what is 101221 - -1?
101222
In base 16, what is -2 + -1784?
-1786
In base 13, what is 81 - 4?
7a
In base 7, what is -2411 + 6?
-2402
In base 8, what is -6 + -2744?
-2752
In base 3, what is 1 + 11?
12
In base 6, what is -3 - 14531?
-14534
In base 4, what is -1300 + -3?
-1303
In base 15, what is -39 - 1?
-3a
In base 12, what is 2 + -2226?
-2224
In base 10, what is -2 - -548?
546
In base 8, what is 177 - 3?
174
In base 8, what is 52 - 300?
-226
In base 12, what is 1b + 2?
21
In base 8, what is 15277 - -2?
15301
In base 13, what is 36 - -7?
40
In base 8, what is -43 - 17?
-62
In base 11, what is 57 + -34?
23
In base 16, what is -5 - 989?
-98e
In base 10, what is -401 + 5?
-396
In base 2, what is -1 - -100111?
100110
In base 13, what is 5 - -16?
1b
In base 13, what is 1 - -1a?
1b
In base 5, what is 4 + 112?
121
In base 14, what is -c + 8?
-4
In base 2, what is -10101 + 0?
-10101
In base 15, what is 1 - -325?
326
In base 5, what is 3 - 123?
-120
In base 16, what is -2 - -2d?
2b
In base 8, what is -556 - -5?
-551
In base 14, what is 3 + c20?
c23
In base 11, what is 857 + 1?
858
In base 3, what is -12 + -1101020?
-1101102
In base 7, what is -3 + 0?
-3
In base 16, what is 4 - -a?
e
In base 15, what is 26a + -7?
263
In base 6, what is 15 - 53?
-34
In base 8, what is -2100 + 13?
-2065
In base 8, what is 57 + 27?
106
In base 13, what is -b6 - 89?
-172
In base 14, what is 2 + 1?
3
In base 8, what is -1 + 127?
126
In base 12, what is -7 + -62?
-69
In base 13, what is -141 - 3?
-144
In base 13, what is 5 + -39?
-34
In base 6, what is -123 - 5?
-132
In base 4, what is -23 - -130111?
130022
In base 16, what is 4 + -3e5?
-3e1
In base 10, what is 0 - -20?
20
In base 13, what is 1c10 + -4?
1c09
In base 10, what is -341 + 0?
-341
In base 2, what is 10 + -1010001101111?
-1010001101101
In base 9, what is -4 + -428?
-433
In base 7, what is 111 + 3?
114
In base 9, what is -7625 + 2?
-7623
In base 10, what is -1 + 79?
78
In base 6, what is 0 - 41410?
-41410
In base 14, what is 2 + 0?
2
In base 10, what is -235 - 3?
-238
In base 3, what is -2 - -112?
110
In base 3, what is -2212100 + -1?
-2212101
In base 12, what is 2a4b + -2?
2a49
In base 13, what is -a0 - 1?
-a1
In base 6, what is -104 - 1?
-105
In base 2, what is 1001 - -1010111100?
1011000101
In base 3, what is 2011 + -120?
1121
In base 15, what is 36 + a?
41
In base 8, what is -21 - 50?
-71
In base 6, what is -10 + 22002?
21552
In base 4, what is 10 - 2021?
-2011
In base 14, what is a78 + -3?
a75
In base 5, what is 314 - -42?
411
In base 5, what is 4202 + 10?
4212
In base 2, what is 10000010001101 - 0?
10000010001101
In base 8, what is 5 - -3337?
3344
In base 11, what is 307 - 13?
2a4
In base 15, what is 4 - -5?
9
In base 4, what is -3 - -203?
200
In base 11, what is 9a7 + -5?
9a2
In base 7, what is -14 + -1330?
-1344
In base 15, what is -24 + -4?
-28
In base 13, what is 11 - -3?
14
In base 14, what is -c1 - -11?
-b0
In base 9, what is -54 + -1?
-55
In base 2, what is 10 + -101001?
-100111
In base 16, what is 278 - 4?
274
In base 12, what is 5 - -43?
48
In base 4, what is -12002331 + -10?
-12003001
In base 16, what is -7 + -5?
-c
In base 4, what is -2 - -233?
231
In base 8, what is 276 + -25?
251
In base 12, what is 4 + 3b?
43
In base 11, what is -3 + -13?
-16
In base 10, what is -2 + -1187?
-1189
In base 14, what is 0 - 150?
-150
In base 9, what is 1 + 78?
80
In base 4, what is -33100 + -1?
-33101
In base 2, what is 101 - 100011?
-11110
In base 3, what is -1111 - 111?
-1222
In base 6, what is 34425 - 3?
34422
In base 10, what is 2 + 4555?
4557
In base 11, what is -416 - -6?
-410
In base 7, what is 6 + 165?
204
In base 9, what is 107 + 40?
147
In base 12, what is 1b5 + 2?
1b7
In base 16, what is -8 + -34?
-3c
In base 5, what is -42 - -1021?
424
In base 12, what is -44a - -9?
-441
In base 8, what is 220 - -20?
240
In base 2, what is 101100011 + -100001?
101000010
In base 14, what is -5 + -2b?
-32
In base 2, what is -1 + 1111011110?
1111011101
In base 2, what is -101 - -1010010100?
1010001111
In base 16, what is 1f - -1?
20
In base 8, what is -163 + -3?
-166
In base 8, what is -31 - -12?
-17
In base 3, what is 11222 + -2?
11220
In base 14, what is -3 + -26d5?
-26d8
In base 4, what is -2100023 - 0?
-2100023
In base 11, what is 1a9 + -3?
1a6
In base 12, what is 1 + -118?
-117
In base 3, what is 120111 - -10?
120121
In base 7, what is 2 + 10432?
10434
In base 16, what is 9 - -2a?
33
In base 10, what is 5 - -38?
43
In base 5, what is -10 + 13341?
13331
In base 12, what is -1 - 433?
-434
In base 11, what is 1344 - -4?
1348
In base 5, what is 3 + -132222?
-132214
In base 6, what is -1 + 2515?
2514
In base 13, what is 14 - 7?
a
In base 11, what is -3 - -5386?
5383
In base 10, what is 14 + 14?
28
In base 16, what is 52 + -1?
51
In base 12, what is 1839 + -3?
1836
In base 5, what is 123 + 12?
140
In base 15, what is -8 + -1c7?
-1d0
In base 15, what is -1b + -318?
-334
In base 4, what is 2123133 - -2?
2123201
In base 14, what is -c1c - -5?
-c17
In base 7, what is -3 + 2164?
2161
In base 5, what is -10234 + 114?
-10120
In base 7, what is 22 + -26?
-4
In base 16, what is -2 + -a4b?
-a4d
In base 15, what is -3 + -28?
-2b
In base 13, what is -5 + 29b8?
29b3
In base 8, what is 53 - 2?
51
In base 10, what is -1 + -62?
-63
In base 7, what is 0 - 3241?
-3241
In base 5, what is -111114 - -4?
-111110
In base 13, what is -21 + -9?
-2a
In base 2, what is -100110 - -101?
-100001
In base 11, what is 47 + -1?
46
In base 15, what is -d1 - 0?
-d1
In base 10, what is 24 + 18?
42
In base 14, wh